d j.
1
Let q = -60 - -84. Calculate the greatest common factor of 6 and q.
6
Let q be (149 - 9) + 3*1. Calculate the highest common divisor of 13 and q.
13
Suppose 2 = 2*m - 22. Suppose 0 = 2*p - 16 - m. Calculate the highest common divisor of 2 and p.
2
Suppose 0*c = 2*c - 16. Suppose 4*p - c = 8*p. Let i(q) = q**3 + 4*q**2 + 2. Let m be i(p). Calculate the highest common factor of m and 5.
5
Let z = 26 - 11. Suppose -8*f = -10*f + 270. What is the highest common factor of z and f?
15
Suppose 675 = -7*j + 2*j. Let b be 10/(-3)*j/6. What is the highest common divisor of 30 and b?
15
Let j = -11 - -5. Let p(w) = 3*w**2 + 10*w + 7. Let m be p(j). Let l be (2 - -2) + -2 - -20. What is the greatest common factor of l and m?
11
Let f = 4 + 0. Suppose -3*h = b - f, 5*h = -6*b + b. Let i be (1/h)/(1/6). What is the greatest common factor of i and 6?
3
Let m(c) = -12*c + 2. Let t(r) = 13*r - 2. Let k(u) = -4*m(u) - 3*t(u). Let y be k(2). Calculate the greatest common divisor of 144 and y.
16
Suppose -45*x = -47*x + 24. Calculate the highest common factor of 36 and x.
12
Suppose 224 = 3*f + f. Let d(b) = b - 8. Let o(a) = 2*a - 17. Let w(j) = 11*d(j) - 6*o(j). Let k be w(6). What is the greatest common factor of f and k?
8
Let g be (9/(-2))/(45/(-120)). What is the greatest common factor of g and 8?
4
Let r be (-3)/(18/(-3) + 3). What is the greatest common divisor of r and 9?
1
Let z be (9 - -5) + (-4)/(-2). Suppose -15 = 3*l, -4*j = -4*l - 12 - z. Suppose -j*x + 80 = -x. What is the highest common divisor of 32 and x?
16
Let y(z) = -3*z - 7. Let b be y(-7). Let k(q) = -4*q + 8. Let o be k(-5). Calculate the highest common divisor of o and b.
14
Let j(h) = h + 6. Let b be j(0). Let i be 9/b*(-2 + 30). What is the greatest common factor of i and 6?
6
Suppose -5*c + 26 = -24. Calculate the greatest common divisor of c and 110.
10
Let r = -29 + 43. Calculate the greatest common divisor of r and 98.
14
Let h be -15*1*1*-1. Let r be (-1 - (-318)/(-12))*-6. What is the greatest common factor of h and r?
15
Let r be (-4)/5 + 6856/20. What is the greatest common factor of 38 and r?
38
Suppose s = 5*s - 8. Suppose s*m + 2*m = 20. What is the highest common factor of m and 15?
5
Suppose -32 = 2*k + 4. Let m = 31 + k. Let z = 55 + -29. Calculate the highest common divisor of z and m.
13
Let a be (-3)/9 - (-238)/(-6). Let x = 2 - a. Calculate the greatest common factor of 14 and x.
14
Suppose -r + 699 + 1269 = 0. Let l be (-2)/7 + r/28. Suppose -4*j = -2*y - 32 - l, -5*y + 25 = 0. What is the highest common divisor of j and 7?
7
Let w be 3 - -1 - (2 - 2). Suppose -w*b = 5*n - 29, 0 = -5*b - n + 4*n - 10. What is the highest common factor of 2 and b?
1
Suppose 0*j - j = c - 11, -4*c = 5*j - 56. Calculate the highest common divisor of j and 108.
12
Suppose 0 = -5*f + 460 - 2175. Let i be ((-4)/3)/(12/(-18)). Let c be f/(-21) + i/(-6). What is the highest common divisor of 4 and c?
4
Let n = -7 + 9. Suppose 0 = w + n*w - 72. Calculate the greatest common factor of 16 and w.
8
Let w = 1 - -54. Calculate the highest common factor of 11 and w.
11
Suppose j = -3*v - 67, 10*j + 375 = 5*j + 5*v. Let w = j - -157. Calculate the highest common factor of 12 and w.
12
Let r be -15 - (-1 + -1) - -2. Let h = 19 - r. What is the highest common divisor of h and 30?
30
Let p = 10 - 6. Suppose 2*j + 54 = p*j. Calculate the highest common divisor of 18 and j.
9
Suppose 0 = 3*u - 2*n - 28, 3*u - 52 = -2*n - 2*n. Calculate the greatest common factor of u and 84.
12
Let h = 115 + -58. Suppose 0 = 5*p + 3*v - 59 + 226, 5*p + v + 169 = 0. Let q = p + h. What is the highest common divisor of q and 23?
23
Let j(x) = -x**3 + 6*x**2 + 7*x + 2. Let n be j(7). Suppose -n*f + 4 = -2*b, b + 4*f - 24 = -3*b. What is the greatest common factor of b and 1?
1
Suppose 10*z = 5*z + 65. Let x = -11 + z. What is the highest common divisor of 3 and x?
1
Suppose c = -3*k + 5, -4*k + 20 = 4*c - 8. Suppose 3*x = -36 + 228. Calculate the highest common divisor of x and c.
8
Suppose -b + 14*b - 39 = 0. Calculate the greatest common factor of b and 3.
3
Let d(m) = -6*m + 13. Let k be d(-12). Calculate the greatest common factor of 17 and k.
17
Suppose z = f - 22, 4*f - z + 12 = 5*f. Let b(l) = -4*l + 2*l + 34 + l. Let y be b(0). Calculate the highest common factor of f and y.
17
Suppose -13 = f + 17. Let w be 5/(f/(-104))*3. What is the highest common divisor of w and 13?
13
Suppose r - 4*r = -321. Let c = r + -68. Let a = c - 21. What is the highest common factor of 9 and a?
9
Let m(i) = -i - 1. Let k be m(-3). Let w(s) = 39*s + 2. Let h be w(k). Suppose -f - 3*f = -h. Calculate the highest common divisor of 160 and f.
20
Let w(p) = -p**2 + 5*p - 2. Let b be w(4). Suppose d = 3*u - 7*u - 14, 2*d + 2*u + 4 = 0. What is the greatest common divisor of d and b?
2
Let n be -15*(-2 - (-4)/4). What is the highest common factor of 60 and n?
15
Let p(k) = -6*k**2 - 7*k + 5. Let m be p(5). Let o = -96 - m. Calculate the highest common factor of o and 12.
12
Let t(a) = 2*a**2 + 5*a + 1. Let z = 2 - 6. Let u be t(z). Calculate the highest common factor of 13 and u.
13
Let t(v) = v**2 - 4*v + 1. Let j be t(5). Let y = j - -4. What is the greatest common factor of y and 30?
10
Let s be (3 - 561)*(-7)/14. Calculate the greatest common divisor of s and 9.
9
Suppose -2*x + 746 = -0*x. Let h = x + -256. Calculate the highest common divisor of h and 13.
13
Suppose 3*l = 4*l - 27. Suppose 47 = 5*w + m, 0*w + 3*w = -4*m + 35. What is the greatest common divisor of l and w?
9
Let l be (4 - 2)*3/2. Suppose 5*c - 10 = 5. Calculate the greatest common divisor of c and l.
3
Let m = 21 - 9. Let l(p) = p**3 - p**2 - 2*p + 2. Let d be l(3). Suppose -3*h + d = -58. What is the highest common divisor of m and h?
12
Let m(t) be the first derivative of t**3/3 - t**2 + 2*t - 7. Let c be m(-7). Calculate the greatest common factor of 13 and c.
13
Suppose 5*o - 3*q - 28 = 0, 3*q = 3*o + q - 17. Suppose 0 = 7*z - 3*z + x - 196, 0 = -o*z - 5*x + 260. What is the highest common factor of z and 32?
16
Suppose -2*j = 3*j - 480. Suppose -179 - j = 5*o. Let b be (-10)/o - 1208/(-11). Calculate the greatest common divisor of b and 10.
10
Let d be (96/160)/(2/210). Calculate the highest common factor of 21 and d.
21
Suppose 0 = 5*m + 2 - 17. Suppose m*s - 9 = -0*s. Calculate the greatest common factor of s and 15.
3
Let m(h) = 38*h - 8. Let d be m(4). What is the greatest common factor of d and 16?
16
Let n = 5 - -6. Let f(h) be the second derivative of h**4/12 - 2*h**3/3 - 6*h**2 - 4*h. Let p be f(9). What is the highest common divisor of p and n?
11
Let f(b) = b**2 - b + 7. Let p be f(7). What is the highest common factor of 7 and p?
7
Let t(j) = j + 2. Let f be t(-1). What is the highest common divisor of 5 and f?
1
Let c(f) = 13*f + 3. Let k be c(6). What is the highest common divisor of 9 and k?
9
Let g be 1/(-2) + 1/(-2). Let r = g + 3. Let q be 1/(3/72) + -2. What is the greatest common factor of r and q?
2
Suppose 2*s - 134 = -0*s. Let t = 5 + s. Calculate the greatest common factor of 24 and t.
24
Let x = -6 + 16. Let f(c) = c**3 + 5*c**2 + 5*c + 5. Let d be f(-4). Suppose -d = -3*t + 5. Calculate the highest common factor of t and x.
2
Let t(u) = -34*u. Let l be t(-9). What is the greatest common divisor of l and 34?
34
Let t = -5 + 39. What is the highest common factor of t and 34?
34
Suppose 0*j - 1 = j. Let b(n) = 31*n**2 + n. Let k be b(j). What is the highest common factor of 12 and k?
6
Suppose q + q = -4*d + 32, -2*q = 0. What is the highest common divisor of d and 2?
2
Let a = -13 - 6. Suppose 4*q = -0*z + 5*z - 196, -3*q = z + 147. Let b = a - q. What is the highest common divisor of 10 and b?
10
Suppose -3*f + 9 = 0, -5*r - 2*f + 0*f + 106 = 0. Calculate the highest common factor of 50 and r.
10
Suppose 2*l = -2 + 38. Let q = -14 - -26. Calculate the greatest common factor of l and q.
6
Let g(v) = v - 21. Let d be g(0). Let p = -10 - d. Suppose -2*r + 0*r + 176 = 0. What is the greatest common divisor of r and p?
11
Let g be ((-54)/36)/(6/(-136)). What is the highest common divisor of g and 85?
17
Let k(n) = 4*n + 2. Let t be k(5). Calculate the highest common divisor of 2 and t.
2
Let g = 29 - 17. What is the highest common fac